{"id":2596,"date":"2017-12-05T10:50:46","date_gmt":"2017-12-05T10:50:46","guid":{"rendered":"https:\/\/vighkemenes.hu\/home-3-copy\/"},"modified":"2023-08-07T12:52:35","modified_gmt":"2023-08-07T12:52:35","slug":"home-3-onepage","status":"publish","type":"page","link":"https:\/\/vighkemenes.hu\/de\/","title":{"rendered":"F\u0151oldal"},"content":{"rendered":"<div class=\"vc_row wpb_row vc_row-fluid\"><div class=\"wpb_column vc_column_container vc_col-sm-12\" id=\"kezdolap\"><div class=\"vc_column-inner\"><div class=\"wpb_wrapper\"><\/div><\/div><\/div><\/div><div id=\"rolunk\" data-vc-full-width=\"true\" data-vc-full-width-init=\"false\" class=\"vc_row wpb_row vc_row-fluid vc_custom_1624724299821 vc_row-has-fill vc_row-o-equal-height vc_row-o-content-top vc_row-flex\"><div class=\"wpb_column vc_column_container vc_col-sm-12\"><div class=\"vc_column-inner\"><div class=\"wpb_wrapper\"><div class=\"vc_custom_1689957600406\">\r\n\t<div class=\"rt-about-one\">\r\n\t\t<div class=\"row\">\r\n\t\t\t\t\t\t\t\t<div class=\"col-lg-8 col-md-8 col-sm-8 col-xs-12\">\r\n\t\t\t\t<div class=\"rtin-about-content\">\r\n\t\t\t\t<h1 style=\"color:#000000; font-size:48px;\">\u00dcBER UNS<\/h1>\r\n\t\t\t\t<p class=\"rtin-about-text\"><\/p>\n<ul>\n<li style=\"text-align: justify\">Die Anwaltskanzlei Vigh und Kemenes unterst\u00fctzt ihre Klienten seit 2002 mit ihrer kontinuierlichen Pr\u00e4senz, vor allem im Bereich des Zivil- und Handelsrechts. Das Profil der Kanzlei umfasst unter anderem Gesellschaftsrecht, Immobilienrecht, Finanzrecht, Kapitalmarktrecht, Steuerrecht, und Energierecht. Unsere Kanzlei verf\u00fcgt \u00fcber langj\u00e4hrige Erfahrungen in gerichtlicher und au\u00dfergerichtlicher Geltendmachung von Forderungen. Unser B\u00fcro verf\u00fcgt auch \u00fcber eine bedeutende Prozesspraxis bei Regelungen von Streitigkeiten.<\/li>\n<\/ul>\n<ul>\n<li style=\"text-align: justify\">Zu den gr\u00f6\u00dften und st\u00e4ndigen Auftraggebern unserer Kanzlei z\u00e4hlen Energieunternehmen, Finanzdienstleistungsunternehmen, Online-Inhaltsanbieter, Bahnunternehmen, nationaler Sportverband und zahlreiche kleinere und mittelst\u00e4ndische Unternehmen. Durch unsere Kanzlei werden in individuellen F\u00e4llen auch Privatklienten gerne beraten und vertreten.<\/li>\n<\/ul>\n<ul>\n<li style=\"text-align: justify\">Unsere Kanzlei verf\u00fcgt \u00fcber internationale Kontakte zu ausl\u00e4ndischen Unternehmensdienstleistern und amerikanischen Patent- und Privatanw\u00e4lten. So kann unsere Kanzlei ihren Klienten aktive juristische Unterst\u00fctzung im Zusammenhang mit ihren im In- und Ausland ausge\u00fcbten T\u00e4tigkeiten anbieten, in deren Rahmen wir unseren Klienten auch in englischer und deutscher Sprache zur Verf\u00fcgung stehen. Unsere Kanzlei verf\u00fcgt \u00fcber einen Energierechtspezialisten, einen EU-Rechtsanwalt und Mitarbeiter mit umfangreichen Kapitalmarktkenntnissen f\u00fcr unsere Auftraggeber.<\/li>\n<\/ul>\n<ul>\n<li style=\"text-align: justify\">Dar\u00fcber hinaus unterst\u00fctzt unsere Kanzlei Mandanten aus Drittstaaten bei der Suche und dem Erwerb von Unternehmensinvestitionen in Ungarn sowie bei der Beantragung ungarischer Aufenthaltsgenehmigungen, Niederlassungserlaubnisse und Staatsb\u00fcrgerschaften.<\/li>\n<\/ul>\n<p><\/p>\r\n\t\t\t\t\t\t\t\t<\/div>\r\n\t\t\t<\/div>\r\n\t\t\t\t<\/div>\r\n\t<\/div>\r\n<\/div><\/div><\/div><\/div><\/div><div class=\"vc_row-full-width vc_clearfix\"><\/div><div class=\"vc_row wpb_row vc_row-fluid\"><div class=\"wpb_column vc_column_container vc_col-sm-12\" id=\"ugyvedek\"><div class=\"vc_column-inner\"><div class=\"wpb_wrapper\"><div class=\"\">\r\n\t<div class=\"rt-about-one\">\r\n\t\t<div class=\"row\">\r\n\t\t\t\t\t\t\t\t<div class=\"col-lg-8 col-md-8 col-sm-8 col-xs-12\">\r\n\t\t\t\t<div class=\"rtin-about-content\">\r\n\t\t\t\t<h1 style=\"color:#000000; font-size:42px;\">Anw\u00e4lte<\/h1>\r\n\t\t\t\t<p class=\"rtin-about-text\"><\/p>\n<ul>\n<li>Dr. Szabolcs Vigh LL.M. Kanzleileiter, Anwalt EU-Rechtsspezialist, Ungarisch, Englisch<\/li>\n<li>Dr. Patrik Kemenes LL.M. Anwalt, Energierechtsspezialist, Ungarisch, Englisch<\/li>\n<li>Dr. Marcell Bakonyi Anwalt, Ungarisch, Englisch, Deutsch<\/li>\n<\/ul>\n<p><strong>Kooperationspartner:<\/strong><\/p>\n<ul>\n<li>Dr. Krisztina Hyross Anwalt, Fachgebiete: Strafrecht, Ehescheidung und Familienrecht, Immobilienrecht<\/li>\n<li>Dr. Krisztina M\u00e1rkus Anwalt, Fachgebiete: Stiftungen, gesellschaftliche Organisationen<\/li>\n<\/ul>\n<p><\/p>\r\n\t\t\t\t\t\t\t\t<\/div>\r\n\t\t\t<\/div>\r\n\t\t\t\t<\/div>\r\n\t<\/div>\r\n<\/div><\/div><\/div><\/div><\/div><div id=\"kapcsolat\" class=\"vc_row wpb_row vc_row-fluid\"><div class=\"wpb_column vc_column_container vc_col-sm-6\"><div class=\"vc_column-inner\"><div class=\"wpb_wrapper\"><div class=\"\">\n\t<div class=\"rt-vc-title-2 rtin-section-title-center\">\n\t\t\t\t\t<h2 class=\"rt-section-title-vc title32 mitle28\" style=\"font-size:36px; color:#222222;\">FRAG UNS<\/h2>\n\t\t\t<\/div>\n<\/div><div role=\"form\" class=\"wpcf7\" id=\"wpcf7-f2621-o1\" lang=\"en-US\" dir=\"ltr\">\n<div class=\"screen-reader-response\"><p role=\"status\" aria-live=\"polite\" aria-atomic=\"true\"><\/p> <ul><\/ul><\/div>\n<form action=\"\/de\/wp-json\/wp\/v2\/pages\/2596#wpcf7-f2621-o1\" method=\"post\" class=\"wpcf7-form init\" novalidate=\"novalidate\" data-status=\"init\" data-trp-original-action=\"\/de\/wp-json\/wp\/v2\/pages\/2596#wpcf7-f2621-o1\">\n<div style=\"display: none;\">\n<input type=\"hidden\" name=\"_wpcf7\" value=\"2621\" \/>\n<input type=\"hidden\" name=\"_wpcf7_version\" value=\"5.4.1\" \/>\n<input type=\"hidden\" name=\"_wpcf7_locale\" value=\"en_US\" \/>\n<input type=\"hidden\" name=\"_wpcf7_unit_tag\" value=\"wpcf7-f2621-o1\" \/>\n<input type=\"hidden\" name=\"_wpcf7_container_post\" value=\"0\" \/>\n<input type=\"hidden\" name=\"_wpcf7_posted_data_hash\" value=\"\" \/>\n<\/div>\n<div class=\"contact-form-area\">\n<div class=\"col-sm-12\">\n<div class=\"form-group\">\n                          <label>Name: <\/label><span class=\"wpcf7-form-control-wrap name-604\"><input type=\"text\" name=\"name-604\" value=\"\" size=\"40\" class=\"wpcf7-form-control wpcf7-text wpcf7-validates-as-required form-control\" aria-required=\"true\" aria-invalid=\"false\" \/><\/span>\n                        <\/div>\n<\/div>\n<div class=\"col-sm-12\">\n<div class=\"form-group\">\n                          <label>E-mail: <\/label><br \/>\n                         <span class=\"wpcf7-form-control-wrap email-179\"><input type=\"email\" name=\"email-179\" value=\"\" size=\"40\" class=\"wpcf7-form-control wpcf7-text wpcf7-email wpcf7-validates-as-required wpcf7-validates-as-email form-control\" aria-required=\"true\" aria-invalid=\"false\" \/><\/span>\n                        <\/div>\n<\/div>\n<div class=\"col-sm-12\">\n<div class=\"form-group\">\n                          <label>Telefonnummer: <\/label><br \/>\n                         <span class=\"wpcf7-form-control-wrap tel-131\"><input type=\"tel\" name=\"tel-131\" value=\"\" size=\"40\" class=\"wpcf7-form-control wpcf7-text wpcf7-tel wpcf7-validates-as-required wpcf7-validates-as-tel form-control\" aria-required=\"true\" aria-invalid=\"false\" \/><\/span>\n                        <\/div>\n<\/div>\n<div class=\"col-sm-12\">\n<div class=\"form-group\">\n                          <label>Botschaft: <\/label><br \/>\n                          <span class=\"wpcf7-form-control-wrap textarea-346\"><textarea name=\"textarea-346\" cols=\"40\" rows=\"4\" class=\"wpcf7-form-control wpcf7-textarea wpcf7-validates-as-required form-control\" aria-required=\"true\" aria-invalid=\"false\"><\/textarea><\/span><\/p>\n<\/div>\n<\/div>\n<div class=\"col-sm-12\">\n<div class=\"form-group\"><input type=\"submit\" value=\"SENDEN\" class=\"wpcf7-form-control wpcf7-submit btn-send submit-button\" \/><\/div>\n<\/div>\n<\/div>\n<div class=\"wpcf7-response-output\" aria-hidden=\"true\"><\/div><input type=\"hidden\" name=\"trp-form-language\" value=\"de\"\/><\/form><\/div><\/div><\/div><\/div><div class=\"wpb_column vc_column_container vc_col-sm-6\"><div class=\"vc_column-inner\"><div class=\"wpb_wrapper\"><div class=\"wpb_gmaps_widget wpb_content_element\"><div class=\"wpb_wrapper\"><div class=\"wpb_map_wraper\"><iframe src=\"https:\/\/www.google.com\/maps\/embed?pb=!1m18!1m12!1m3!1d2697.0652194938602!2d19.052830399999998!3d47.4691585!2m3!1f0!2f0!3f0!3m2!1i1024!2i768!4f13.1!3m3!1m2!1s0x4741dda8ac0a7c23%3A0x3b74fd97adb0d11c!2sBudapest%2C%20Budafoki%20%C3%BAt%2091-93%2C%201117!5e0!3m2!1shu!2shu!4v1689957268803!5m2!1shu!2shu\" width=\"600\" height=\"450\" style=\"border:0;\" allowfullscreen=\"\" loading=\"lazy\" referrerpolicy=\"no-referrer-when-downgrade\"><\/iframe><\/div><\/div><\/div><\/div><\/div><\/div><\/div><div id=\"elerhetosegek\" class=\"vc_row wpb_row vc_row-fluid\"><div class=\"wpb_column vc_column_container vc_col-sm-12\"><div class=\"vc_column-inner\"><div class=\"wpb_wrapper\"><div class=\"\">\n\t<div class=\"rt-contact-info\">\n\t\t\t\t\t<h2 style=\"color:#000000;\">KONTAKT<\/h2>\n\t\t\t\t\n\t\t<ul>\n\t\t\t<li><i class=\"fa fa-map-marker\" aria-hidden=\"true\"><\/i> Adresse: 1117 Budapest, Budafoki Stra\u00dfe 91-93. Geb\u00e4ude A, Stock 6<\/li><li><i class=\"fa fa-phone\" aria-hidden=\"true\"><\/i> <a href=\"tel:Telefon: 1\/209-9106 &amp; Mobil:70\/772-3346\">Telefonnummer: 0036-1-209-9106 & Handy: 0036-70-772-3346<\/a><\/li><li><i class=\"fa fa-envelope-o\" aria-hidden=\"true\"><\/i> <a href=\"mailto:Elektronikus t\u00e1rhely: 18105708\">Adresse des elektronischen Speicherplatzes: 18105708<\/a><\/li>\t\t<\/ul>\n\t<\/div>\n<\/div><\/div><\/div><\/div><\/div>","protected":false},"excerpt":{"rendered":"R\u00f3lunk A Vigh \u00e9s Kemenes \u00dcgyv\u00e9di Iroda 2002. \u00f3ta folyamatos jelenl\u00e9t\u00e9vel seg\u00edti megb\u00edz\u00f3it els\u0151sorban a polg\u00e1ri \u00e9s gazdas\u00e1gi jogi ter\u00fcleten. Az Iroda profilja t\u00f6bbek k\u00f6z\u00f6tt lefedi a t\u00e1rsas\u00e1gi- \u00e9s c\u00e9gjog, az ingatlanjog, a p\u00e9nz\u00fcgyi jog, t\u0151kepiacok, az ad\u00f3jog, az energetika, ter\u00fclet\u00e9t. Irod\u00e1nk kiterjedt tapasztalattal rendelkezik a k\u00f6vetel\u00e9s-\u00e9rv\u00e9nyes\u00edt\u00e9ssel kapcsolatos peres- \u00e9s nemperes elj\u00e1r\u00e1sokban. A vitarendez\u00e9s kapcs\u00e1n [...]","protected":false},"author":1,"featured_media":0,"parent":0,"menu_order":0,"comment_status":"closed","ping_status":"closed","template":"","meta":[],"_links":{"self":[{"href":"https:\/\/vighkemenes.hu\/de\/wp-json\/wp\/v2\/pages\/2596"}],"collection":[{"href":"https:\/\/vighkemenes.hu\/de\/wp-json\/wp\/v2\/pages"}],"about":[{"href":"https:\/\/vighkemenes.hu\/de\/wp-json\/wp\/v2\/types\/page"}],"author":[{"embeddable":true,"href":"https:\/\/vighkemenes.hu\/de\/wp-json\/wp\/v2\/users\/1"}],"replies":[{"embeddable":true,"href":"https:\/\/vighkemenes.hu\/de\/wp-json\/wp\/v2\/comments?post=2596"}],"version-history":[{"count":69,"href":"https:\/\/vighkemenes.hu\/de\/wp-json\/wp\/v2\/pages\/2596\/revisions"}],"predecessor-version":[{"id":3142,"href":"https:\/\/vighkemenes.hu\/de\/wp-json\/wp\/v2\/pages\/2596\/revisions\/3142"}],"wp:attachment":[{"href":"https:\/\/vighkemenes.hu\/de\/wp-json\/wp\/v2\/media?parent=2596"}],"curies":[{"name":"wp","href":"https:\/\/api.w.org\/{rel}","templated":true}]}}

Főoldal

<div class="vc_row wpb_row vc_row-fluid"><div class="wpb_column vc_column_container vc_col-sm-12" id="kezdolap"><div class="vc_column-inner"><div class="wpb_wrapper"></div></div></div></div><div id="rolunk" data-vc-full-width="true" data-vc-full-width-init="false" class="vc_row wpb_row vc_row-fluid vc_custom_1624724299821 vc_row-has-fill vc_row-o-equal-height vc_row-o-content-top vc_row-flex"><div class="wpb_column vc_column_container vc_col-sm-12"><div class="vc_column-inner"><div class="wpb_wrapper"><div class="vc_custom_1689957600406">
	<div class="rt-about-one">
		<div class="row">
								<div class="col-lg-8 col-md-8 col-sm-8 col-xs-12">
				<div class="rtin-about-content">
				<h1 style="color:#000000; font-size:48px;">ÜBER UNS</h1>
				<p class="rtin-about-text"></p>
<ul>
<li style="text-align: justify">Die Anwaltskanzlei Vigh und Kemenes unterstützt ihre Klienten seit 2002 mit ihrer kontinuierlichen Präsenz, vor allem im Bereich des Zivil- und Handelsrechts. Das Profil der Kanzlei umfasst unter anderem Gesellschaftsrecht, Immobilienrecht, Finanzrecht, Kapitalmarktrecht, Steuerrecht, und Energierecht. Unsere Kanzlei verfügt über langjährige Erfahrungen in gerichtlicher und außergerichtlicher Geltendmachung von Forderungen. Unser Büro verfügt auch über eine bedeutende Prozesspraxis bei Regelungen von Streitigkeiten.</li>
</ul>
<ul>
<li style="text-align: justify">Zu den größten und ständigen Auftraggebern unserer Kanzlei zählen Energieunternehmen, Finanzdienstleistungsunternehmen, Online-Inhaltsanbieter, Bahnunternehmen, nationaler Sportverband und zahlreiche kleinere und mittelständische Unternehmen. Durch unsere Kanzlei werden in individuellen Fällen auch Privatklienten gerne beraten und vertreten.</li>
</ul>
<ul>
<li style="text-align: justify">Unsere Kanzlei verfügt über internationale Kontakte zu ausländischen Unternehmensdienstleistern und amerikanischen Patent- und Privatanwälten. So kann unsere Kanzlei ihren Klienten aktive juristische Unterstützung im Zusammenhang mit ihren im In- und Ausland ausgeübten Tätigkeiten anbieten, in deren Rahmen wir unseren Klienten auch in englischer und deutscher Sprache zur Verfügung stehen. Unsere Kanzlei verfügt über einen Energierechtspezialisten, einen EU-Rechtsanwalt und Mitarbeiter mit umfangreichen Kapitalmarktkenntnissen für unsere Auftraggeber.</li>
</ul>
<ul>
<li style="text-align: justify">Darüber hinaus unterstützt unsere Kanzlei Mandanten aus Drittstaaten bei der Suche und dem Erwerb von Unternehmensinvestitionen in Ungarn sowie bei der Beantragung ungarischer Aufenthaltsgenehmigungen, Niederlassungserlaubnisse und Staatsbürgerschaften.</li>
</ul>
<p></p>
								</div>
			</div>
				</div>
	</div>
</div></div></div></div></div><div class="vc_row-full-width vc_clearfix"></div><div class="vc_row wpb_row vc_row-fluid"><div class="wpb_column vc_column_container vc_col-sm-12" id="ugyvedek"><div class="vc_column-inner"><div class="wpb_wrapper"><div class="">
	<div class="rt-about-one">
		<div class="row">
								<div class="col-lg-8 col-md-8 col-sm-8 col-xs-12">
				<div class="rtin-about-content">
				<h1 style="color:#000000; font-size:42px;">Anwälte</h1>
				<p class="rtin-about-text"></p>
<ul>
<li>Dr. Szabolcs Vigh LL.M. Kanzleileiter, Anwalt EU-Rechtsspezialist, Ungarisch, Englisch</li>
<li>Dr. Patrik Kemenes LL.M. Anwalt, Energierechtsspezialist, Ungarisch, Englisch</li>
<li>Dr. Marcell Bakonyi Anwalt, Ungarisch, Englisch, Deutsch</li>
</ul>
<p><strong>Kooperationspartner:</strong></p>
<ul>
<li>Dr. Krisztina Hyross Anwalt, Fachgebiete: Strafrecht, Ehescheidung und Familienrecht, Immobilienrecht</li>
<li>Dr. Krisztina Márkus Anwalt, Fachgebiete: Stiftungen, gesellschaftliche Organisationen</li>
</ul>
<p></p>
								</div>
			</div>
				</div>
	</div>
</div></div></div></div></div><div id="kapcsolat" class="vc_row wpb_row vc_row-fluid"><div class="wpb_column vc_column_container vc_col-sm-6"><div class="vc_column-inner"><div class="wpb_wrapper"><div class="">
	<div class="rt-vc-title-2 rtin-section-title-center">
					<h2 class="rt-section-title-vc title32 mitle28" style="font-size:36px; color:#222222;">FRAG UNS</h2>
			</div>
</div><div role="form" class="wpcf7" id="wpcf7-f2621-o1" lang="en-US" dir="ltr">
<div class="screen-reader-response"><p role="status" aria-live="polite" aria-atomic="true"></p> <ul></ul></div>
<form action="/de/wp-json/wp/v2/pages/2596#wpcf7-f2621-o1" method="post" class="wpcf7-form init" novalidate="novalidate" data-status="init" data-trp-original-action="/de/wp-json/wp/v2/pages/2596#wpcf7-f2621-o1">
<div style="display: none;">
<input type="hidden" name="_wpcf7" value="2621" />
<input type="hidden" name="_wpcf7_version" value="5.4.1" />
<input type="hidden" name="_wpcf7_locale" value="en_US" />
<input type="hidden" name="_wpcf7_unit_tag" value="wpcf7-f2621-o1" />
<input type="hidden" name="_wpcf7_container_post" value="0" />
<input type="hidden" name="_wpcf7_posted_data_hash" value="" />
</div>
<div class="contact-form-area">
<div class="col-sm-12">
<div class="form-group">
                          <label>Name: </label><span class="wpcf7-form-control-wrap name-604"><input type="text" name="name-604" value="" size="40" class="wpcf7-form-control wpcf7-text wpcf7-validates-as-required form-control" aria-required="true" aria-invalid="false" /></span>
                        </div>
</div>
<div class="col-sm-12">
<div class="form-group">
                          <label>E-mail: </label><br />
                         <span class="wpcf7-form-control-wrap email-179"><input type="email" name="email-179" value="" size="40" class="wpcf7-form-control wpcf7-text wpcf7-email wpcf7-validates-as-required wpcf7-validates-as-email form-control" aria-required="true" aria-invalid="false" /></span>
                        </div>
</div>
<div class="col-sm-12">
<div class="form-group">
                          <label>Telefonnummer: </label><br />
                         <span class="wpcf7-form-control-wrap tel-131"><input type="tel" name="tel-131" value="" size="40" class="wpcf7-form-control wpcf7-text wpcf7-tel wpcf7-validates-as-required wpcf7-validates-as-tel form-control" aria-required="true" aria-invalid="false" /></span>
                        </div>
</div>
<div class="col-sm-12">
<div class="form-group">
                          <label>Botschaft: </label><br />
                          <span class="wpcf7-form-control-wrap textarea-346"><textarea name="textarea-346" cols="40" rows="4" class="wpcf7-form-control wpcf7-textarea wpcf7-validates-as-required form-control" aria-required="true" aria-invalid="false"></textarea></span></p>
</div>
</div>
<div class="col-sm-12">
<div class="form-group"><input type="submit" value="SENDEN" class="wpcf7-form-control wpcf7-submit btn-send submit-button" /></div>
</div>
</div>
<div class="wpcf7-response-output" aria-hidden="true"></div><input type="hidden" name="trp-form-language" value="de"/></form></div></div></div></div><div class="wpb_column vc_column_container vc_col-sm-6"><div class="vc_column-inner"><div class="wpb_wrapper"><div class="wpb_gmaps_widget wpb_content_element"><div class="wpb_wrapper"><div class="wpb_map_wraper"><iframe src="https://www.google.com/maps/embed?pb=!1m18!1m12!1m3!1d2697.0652194938602!2d19.052830399999998!3d47.4691585!2m3!1f0!2f0!3f0!3m2!1i1024!2i768!4f13.1!3m3!1m2!1s0x4741dda8ac0a7c23%3A0x3b74fd97adb0d11c!2sBudapest%2C%20Budafoki%20%C3%BAt%2091-93%2C%201117!5e0!3m2!1shu!2shu!4v1689957268803!5m2!1shu!2shu" width="600" height="450" style="border:0;" allowfullscreen="" loading="lazy" referrerpolicy="no-referrer-when-downgrade"></iframe></div></div></div></div></div></div></div><div id="elerhetosegek" class="vc_row wpb_row vc_row-fluid"><div class="wpb_column vc_column_container vc_col-sm-12"><div class="vc_column-inner"><div class="wpb_wrapper"><div class="">
	<div class="rt-contact-info">
					<h2 style="color:#000000;">KONTAKT</h2>
				
		<ul>
			<li><i class="fa fa-map-marker" aria-hidden="true"></i> Adresse: 1117 Budapest, Budafoki Straße 91-93. Gebäude A, Stock 6</li><li><i class="fa fa-phone" aria-hidden="true"></i> <a href="tel:Telefon: 1/209-9106 &amp; Mobil:70/772-3346">Telefonnummer: 0036-1-209-9106 & Handy: 0036-70-772-3346</a></li><li><i class="fa fa-envelope-o" aria-hidden="true"></i> <a href="mailto:Elektronikus tárhely: 18105708">Adresse des elektronischen Speicherplatzes: 18105708</a></li>		</ul>
	</div>
</div></div></div></div></div>

Rólunk A Vigh és Kemenes Ügyvédi Iroda 2002. óta folyamatos jelenlétével segíti megbízóit elsősorban a polgári és gazdasági jogi területen. Az Iroda profilja többek között lefedi a társasági- és cégjog, az ingatlanjog, a pénzügyi jog, tőkepiacok, az adójog, az energetika, területét. Irodánk kiterjedt tapasztalattal rendelkezik a követelés-érvényesítéssel kapcsolatos peres- és nemperes eljárásokban. A vitarendezés kapcsán [...]
